ber?
False
Let o be 2/(2/(-186)*-2). Suppose -2*v + 5*v = o. Let i = v + 28. Is i a prime number?
True
Let n = -2390 - -5817. Is n prime?
False
Suppose -1120 = 6*x - 4*x. Let p = x - -1191. Is p composite?
False
Let i be ((-2 + 2)/1)/(-1). Suppose -2*z - 2*z + 2*h = -4, i = -h + 4. Suppose -z*y - 447 = -6*y. Is y a prime number?
True
Let b = 27606 - -743. Is b a composite number?
False
Let d(u) be the third derivative of u**4/6 - 5*u**3/2 - 8*u**2. Let y be d(5). Suppose y*r - 783 = 2*p + 15, 3*r - 3*p = 486. Is r a prime number?
False
Suppose 4*a = -4*s + 4024, s = -4*s + 5*a + 5040. Is s composite?
True
Let g be 16093/28 + 22/(-8) + 3. Suppose -4284 = -5*d - 2*y + g, d - 3*y - 965 = 0. Is d composite?
False
Suppose 582146 = 6*f + 52*f. Is f a composite number?
False
Let t(p) = 20*p - 18*p - 13 - 47*p - 29*p. Is t(-6) composite?
False
Let n(w) = w**2 - 1. Let x(y) = -11*y**2 - 14*y - 17. Let r(b) = 6*n(b) - x(b). Is r(-12) composite?
True
Suppose -4*q = 3*j - 6*j + 928, -q = 1. Let t(u) = -11*u**2 + u - 5. Let i be t(4). Let l = j + i. Is l a composite number?
False
Let o(p) = -p + 6. Let a be o(3). Suppose -a*n - n = 0. Is 3356/(1 + 3) + n a prime number?
True
Suppose 4*i = -v + 21680, -5*i - 3*v = -16878 - 10229. Is i composite?
False
Let z = -912 - -915. Let g(v) = -v**2 - 3*v + 4. Let n be g(-4). Suppose i - 6*i + 2671 = 2*x, z*i + 3*x - 1599 = n. Is i composite?
True
Let w(s) = -22 + 2*s + 17 - s. Let j be w(8). Suppose 3*q - 340 = -f - 38, 0 = -q + j. Is f a prime number?
True
Let q(i) = 5*i**3 + 43*i**2 - 3*i + 5. Let t(z) = -2*z**3 - 21*z**2 + 2*z - 2. Let u(c) = -3*q(c) - 7*t(c). Is u(-7) a composite number?
False
Let t(i) = -i**3 - 9*i**2 - 9*i + 8. Let m be t(-8). Suppose -3*u - u - f = -11, -5*u - 2*f = -m. Suppose u*y + 5 = 211. Is y a composite number?
False
Suppose 5*f - 83401 = 2*x, f + 33352 = 3*f + 2*x. Is f prime?
False
Is (-5)/15*(113165/(-1) - -2) composite?
True
Let p = -56 - -95. Let a = p + 184. Is a a composite number?
False
Let i(s) = 16*s - 9. Suppose -10 = -6*l + 26. Is i(l) a composite number?
True
Is (-138654)/(-30) - ((-36)/30 + 2) a prime number?
True
Suppose 5*k - 4*r = 1354, 2*r = 3*k + 3*r - 826. Is k a prime number?
False
Let o(n) = n**3 - n**2 - n - 2. Suppose -3*h = -2*l - 12, 5*l - h = -5*h - 7. Let t be o(l). Let k = t - -66. Is k a composite number?
False
Suppose v + 4 - 9 = 0. Suppose m - 573 - 1486 = -3*w, 2*m = v*w - 3417. Is w a composite number?
True
Suppose -2*h + 6*h = 200. Let j = -69 - -204. Let t = j - h. Is t composite?
True
Let q(i) = -6882*i + 11. Is q(-4) a prime number?
True
Suppose 0 = m + 4, -2*o - o + 2*m + 43781 = 0. Is o prime?
True
Let o(j) = -j**2 + 7*j - 2. Let w be o(5). Suppose 2*g + 4 = 4*t, 5*g - w = -t + 4. Suppose -3*r + 530 = t*r. Is r a prime number?
False
Let r = 67 - 61. Let q(z) = 8*z**3 + 7*z**2 + 13*z - 13. Is q(r) composite?
True
Suppose 6*p - 20 = 2*p, 0 = 5*b + 4*p - 3680. Suppose 2*n = 30 + b. Is n a composite number?
True
Let a(l) = 560*l + 61. Is a(15) prime?
True
Let v be (-12)/21 - 20226/(-42). Suppose -4*i + 3280 = 5*f + 875, -f + v = 4*i. Is f a composite number?
True
Let f(c) = 50*c**2 + 2*c - 5. Let r(z) be the first derivative of 101*z**3/3 + 5*z**2/2 - 11*z - 7. Let o(w) = 9*f(w) - 4*r(w). Is o(-1) prime?
True
Suppose 4*y - 1838 = -3*f, 4*y = -4*f + y + 2453. Is f prime?
False
Let d(i) = 3*i + 7 + 3*i + 0*i. Suppose -17*a = 10*a - 189. Is d(a) a composite number?
True
Let v = 43 - 40. Suppose -4*l - 5*q = -v*q - 33672, -3*q - 42101 = -5*l. Is l a composite number?
False
Let l(i) = 2*i - 7. Let j be l(6). Let k = 15 - j. Let q(a) = -a**3 + 12*a**2 + 14*a + 7. Is q(k) prime?
True
Is (15/720*16)/((-1)/(-59217)) prime?
True
Let n(t) = -t**3 - 6*t**2 - 3*t - 10. Let q be n(-5). Let w = -25 - q. Is (-2932)/w + (-9)/(-15) a composite number?
False
Suppose 386 = 3*j + 59. Let m = 200 - j. Is m prime?
False
Let g(t) = 4157*t + 75. Is g(4) a prime number?
True
Is (-48)/8 - -10 - -481 a composite number?
True
Let x(r) = 38*r - 89 + 3*r + 86. Is x(4) prime?
False
Let x(w) = -w + 2. Let q be x(2). Suppose -4*c = -q*c - 820. Is c a prime number?
False
Let y(s) = -3*s**3 - s**2 + s + 1. Let n be y(-1). Is 1484/(n*1) + (-12)/(-4) a composite number?
True
Suppose u + 3*t - 1 = 2*u, -5 = 5*u - 2*t. Is (-2)/u + -5 + 161 prime?
False
Let t = 4715 - 2596. Is t prime?
False
Let w = -20 + 32. Suppose 4*a = -4*j + 667 - 123, 0 = j + 3*a - 142. Let b = j + w. Is b prime?
False
Let u(n) = n**2 + 3*n - 7. Let y be u(-9). Suppose -2*m + y = -549. Is m a composite number?
True
Suppose -3*t + 5*t - 94 = 0. Let u(a) = a**3 + 2*a**2 - 2*a - 5. Let f be u(-3). Let n = t - f. Is n a prime number?
False
Let j = 1929 + -2971. Let g = j + 1677. Is g prime?
False
Suppose 2*l - l = -19. Let n = l + 22. Suppose -74 = -2*c - n*f + 1512, 0 = c - 2*f - 779. Is c prime?
True
Let f be ((-5)/15)/(6/(-18)). Let p be ((-2)/4)/(1/2). Is (-6)/2*f*p a composite number?
False
Suppose -408 = -y + 114. Suppose y = -3*q - 390. Let b = -217 - q. Is b composite?
True
Suppose -33*z - 77476 = -2*h - 36*z, 0 = -2*h - 5*z + 77472. Is h a prime number?
False
Let i(t) = 15*t**2 + 9*t - 10. Let s(k) = -7*k**2 - 5*k + 5. Let q(b) = -4*i(b) - 9*s(b). Is q(-8) a composite number?
True
Let i be (0 + 11)/1*53. Let b = -346 + i. Is b a composite number?
True
Suppose 20*b - 17*b = -6. Is -3 + b + (-398)/(-1) a prime number?
False
Suppose 3*n - 19413 = -4*o, o + 4*o = 2*n + 24295. Is o a prime number?
False
Suppose 2*s - 42492 = -5*h + 44089, -h = -s + 43280. Is s composite?
False
Suppose 15*t - 26634 = 36381. Is t prime?
True
Suppose 44 = 3*s + 14. Let f be -3 + (-3 + s - -1). Is 4*f/60*111 composite?
False
Let f be (1/2)/(4/(-32)). Let v(c) = -c**2 - 7*c - 6. Let l be v(f). Suppose -l*p = -2*p - 140. Is p a prime number?
False
Let v be 2*(-1 - 138/(-4)). Suppose -16*r = -35*r - 1216. Let z = v - r. Is z composite?
False
Suppose 2*j + 5*c = 4*j - 21, 12 = j - 4*c. Let m(w) = 3*w**2 - 4*w + 6. Is m(j) composite?
True
Let d(k) be the first derivative of k**4/4 - 2*k**3 - k**2/2 - 9*k + 16. Is d(10) composite?
True
Let z(u) = 806*u**2 + 3*u + 4. Is z(-3) composite?
True
Let k be (18/(-21))/((-125)/(-70) + -2). Let n(h) = 740*h + 13. Is n(k) a composite number?
True
Let w be (3 + 5 + 0)*-25. Let c = w + 288. Suppose -u - 1 = -c. Is u a prime number?
False
Suppose f + 5 = 0, -5*x - 2*f + f = -25. Let z(n) = -n**3 + 15*n**2 - 8. Let i be z(x). Suppose 0 = r - 217 - i. Is r composite?
True
Suppose -b = b + 5*w + 10, 5*b + 4*w = 9. Suppose -t - b*t = -1506. Is t a prime number?
True
Let i = 54 - 90. Let a = -56 - i. Let r = a - -34. Is r prime?
False
Let v = -2 + -13. Let j = v + 112. Is j a prime number?
True
Suppose 27*n = 28*n + 2*y - 96681, 3*y = 15. Is n a composite number?
False
Suppose -d + n = -5977, -7*n - 29917 = -5*d - 10*n. Is d prime?
True
Let c(b) = b**3 - 17*b**2 + 7*b - 10. Suppose m + 2*l - 27 = 0, -m + 5*l - 3 = 5. Is c(m) prime?
True
Let z(s) = -2*s**2 + 18*s + 39. Let f be z(16). Let q = -58 - f. Is q a prime number?
True
Suppose 5*u = -7 + 27. Suppose 0 = u*i + i. Is (0/(-1) - -49) + i a composite number?
True
Suppose -n = 18 - 22. Is 4/n - (-1566 - -8) a prime number?
True
Let a = 32586 + -15673. Is a a composite number?
True
Let p(x) = -6*x**3 - 2*x**2 + 25*x + 58. Is p(-7) composite?
True
Let n(h) = -h**2 + 17*h - 15. Let d be (-6)/12*(2 - 2). Suppose -73 = -5*f - 4*m, d*m = -5*m + 10. Is n(f) prime?
True
Is 2791/((-1)/14*-2) prime?
False
Let j = -17 - -21. Suppose -2*t - j*d = t - 1455, -5*d + 1939 = 4*t. Is t prime?
False
Suppose 5*i + 48 = 133. Let m = -14 + i. Suppose m*y - 141 = -0*y. Is y a composite number?
False
Let b = -6064 - -8973. Is b a composite number?
False
Suppose -5*n + 1678 = 4*f + 157, -4*f = 3*n - 911. Is n composite?
True
Let l(b) = b**3 - 7*b**2 + 7*b + 8. Let o be l(6). Let j = 31 + o. Suppose t - j = 146. Is t a prime number?
True
Let u = 1481 - 756. Suppose 4*q - r = u + 301, -5*r + 1295 = 5*q. Is q a composite number?
False
Suppose 0*t = -5*r - 2*t + 12455, -3*t + 15 = 0. Let c = r + -558. Is c a prime number?
True
Is 80/48 + (-119612)/(-6) a prime number?
True
Let b(v) = -14*v + 1. Let y = -40 + 28. Let a be 2/(-4)*y/(-1). Is b(a) a prime number?
False
Suppose l + 4*p = 1, 1